t o be (246/(-9))/((16/12)/(-4)). What is the greatest common factor of 41 and o?
41
Let g(m) = -7*m**2 + 4*m**2 - 3 - m**3 - 7*m**2 + 0*m**3 - 2*m. Let w be g(-10). Calculate the highest common divisor of w and 85.
17
Suppose 0 = 2*d - 5*u + u - 10, -5*d + 16 = -u. Calculate the greatest common factor of d and 9.
3
Let x = -35 + 155. What is the greatest common divisor of x and 36?
12
Let g = 355 - 110. What is the highest common divisor of 98 and g?
49
Let m(w) = -w**3 - w**2 + w - 1. Let h(f) = -f**3 + 9*f**2 - 11*f + 6. Let r(t) = h(t) - 2*m(t). Let b be r(-12). What is the highest common divisor of b and 8?
4
Let d = 1 + 3. Suppose 3*q = -0*q + d*i + 106, 166 = 5*q + 4*i. Suppose 10 = -2*a + q. What is the highest common factor of a and 132?
12
Suppose -2*k - k = 0, -4*g - 772 = 4*k. Let i = g + 323. Suppose -40 = -3*b + l, 4*b - l = 62 - 9. What is the highest common divisor of b and i?
13
Suppose 8 - 23 = -5*f. Let b be ((-10)/f)/(10/(-15)). Suppose 0 = -2*c - 4*m + 8, -5*c = -c + 4*m - 12. Calculate the highest common factor of b and c.
1
Suppose -4*v + k = 128 - 435, -3*v + 236 = 5*k. Let x = v - 45. What is the greatest common factor of 48 and x?
16
Let j = 13 + -11. Suppose j*u - 60 = l, 5*l - 1 = -21. Let w be 2*(-1)/(-2) - -13. Calculate the highest common factor of u and w.
14
Let f = 133 - 23. Calculate the greatest common factor of 10 and f.
10
Suppose -82 = -4*u + 2. Let n be (-4)/(-10) + u/(-15). Let f = n - -2. What is the greatest common factor of f and 9?
1
Let l(p) = p**3 - 5*p**2 - 6*p + 1. Suppose -5*m + y + 29 = 0, -4*m + 17 + 10 = 3*y. Let a be l(m). Calculate the highest common factor of 1 and a.
1
Suppose -v - 5 = u - 0, -3 = -5*u + 2*v. Let b(s) = -92*s - 2. Let f be b(u). Let w be 1 + 0 - (-34 + -1). What is the highest common divisor of f and w?
18
Let t(w) = -w - 4. Let z be -3*((-10)/(-3) - -1). Let i be t(z). What is the highest common factor of i and 63?
9
Suppose 9*y - 37 = 233. Suppose 7 = 5*z - 43. What is the greatest common factor of z and y?
10
Suppose -2*m + 19 = -41. Calculate the highest common factor of 10 and m.
10
Let l = 35 + -20. Let i be 4*(l/4 + -2). Calculate the greatest common divisor of i and 49.
7
Suppose -2*a + 3*y - 5*y = -148, 0 = a + 5*y - 82. Suppose 2*i - 4 = 0, 4*b + 24 = 6*b + 3*i. Calculate the highest common divisor of b and a.
9
Suppose -2*w - w = 0. Suppose 5*q - q - 40 = w. Let t = -7 + 32. Calculate the highest common factor of t and q.
5
Let w(h) = 2*h**2 - h - 6. Let d be w(4). Calculate the greatest common divisor of 242 and d.
22
Let w = 14 + 1. Let i(t) = 30*t**2. Suppose -a + 6*a + 10 = 0. Let r be i(a). Calculate the highest common divisor of r and w.
15
Let t be (-18 - 0)*(-4)/6. Let z = -98 - -195. Let k = z - 37. Calculate the greatest common factor of k and t.
12
Suppose 0 = -3*z - 6, 0 = 4*h + 2*z + 3*z - 86. Calculate the highest common factor of 264 and h.
24
Suppose -3*z - i + 31 = 0, -25 = -2*i + 7*i. What is the greatest common divisor of z and 78?
6
Let d be 1/(-7) + 8/56. Suppose 0 = -d*n + n - 4. What is the highest common divisor of n and 4?
4
Let m be 1/(1/(-170)*-2). Calculate the highest common divisor of m and 17.
17
Suppose 4*x + 10 = 2*f, f + 2*f = -4*x - 25. Let b be f/2 + (-35)/(-2). What is the highest common divisor of b and 48?
16
Let r be (-27)/(-18)*44/3. Calculate the greatest common factor of r and 154.
22
Let s be (-3)/6*-8 - 0. Let r be (-2)/s - (-213)/6. What is the highest common factor of r and 315?
35
Suppose 0 = j - 5*l - 8 - 0, -j - l = -2. Suppose -j*m - 120 = -5*m. Suppose 5*t + 0*t = 120. Calculate the greatest common divisor of m and t.
12
Let y(r) = r**2 - 9*r + 10. Let l be y(7). Let u = 20 - l. Calculate the greatest common factor of 6 and u.
6
Let l = 3 - 1. Suppose -l*a + 14 = -g - 7*a, 4*g = -5*a + 19. Calculate the highest common factor of 121 and g.
11
Let n be 6/10 + 12/(-20). Suppose n = s + s - 28. Suppose -v + 130 = 2*v - 5*z, -4*v + 4*z + 160 = 0. Calculate the greatest common factor of v and s.
7
Let a(v) = 18 + 0*v + v - 3. Let p be a(0). Let d(y) = -11*y - 71. Let n be d(-16). Calculate the greatest common factor of n and p.
15
Suppose -3*n + 5 + 4 = 0. Suppose -4*a = n - 35. Let s be 5/(-20) - (-170)/a. Calculate the highest common factor of s and 21.
21
Let w = -58 + 84. Suppose -2*t - w = -3*t. What is the highest common factor of t and 39?
13
Let z be (2/6 - 0)*-3. Let o be z/3*-3 - -29. Calculate the greatest common factor of o and 10.
10
Suppose 3*f - 7*f - k = -180, -2*f + 104 = 4*k. Calculate the highest common factor of f and 22.
22
Let d = 8 - 4. Let m = -2 + d. Calculate the highest common factor of 6 and m.
2
Let o = -176 + 221. Calculate the highest common factor of 30 and o.
15
Suppose v + 5 = 0, -4*v + 55 = 2*n + n. Suppose 2*p - i = 5, i = 4*p - 3*i. What is the greatest common factor of p and n?
5
Let a = 1454 + -562. Let k be a/9 - 2/18. What is the greatest common factor of 11 and k?
11
Let f = 106 - 58. Suppose v + f = 224. Let k be (-156)/(-10) + (-2)/(-5). Calculate the greatest common factor of v and k.
16
Suppose u - t + 130 = 2*u, 0 = 5*u + t - 630. What is the greatest common divisor of 50 and u?
25
Let r(j) = -30*j - 4. Let g be r(-6). Suppose 3*b + 4*h = 60, -h + 3 = -0*h. Calculate the greatest common divisor of b and g.
16
Let x = 23 - 17. What is the highest common factor of x and 6?
6
Let r be 3/4 - (-1218)/(-24). Let u = 76 + r. Let x(m) = -8*m - 3. Let n be x(-2). What is the greatest common divisor of u and n?
13
Let r(t) = -t + 34. Let v be r(0). Suppose 4*y - v = 42. What is the highest common divisor of 209 and y?
19
Let u be (3 - (-80)/(-6))*-12. Let g = u + 119. Calculate the highest common factor of 27 and g.
27
Suppose -5*k + 32 + 93 = 0. Let p be (-34)/5 - 5/k. Let w be (-5)/2*(p + -1). What is the highest common divisor of w and 80?
20
Let v(j) = 17*j**2 + 2*j - 1. Let q be v(1). Let k be (-1)/3*(-168)/(-8). Let x be ((-108)/21 + 0)*k. Calculate the highest common factor of q and x.
18
Suppose 3*q - 2*k = 33, 3*q - 14 - 1 = -4*k. What is the highest common divisor of q and 1?
1
Suppose 2*n - 76 + 30 = -z, 0 = 5*z - 5*n - 155. Let i(m) = -4*m. Let t be i(-3). Calculate the highest common divisor of t and z.
12
Suppose 2*n - 18 = 3*h, 8*h + 16 = 4*h. Let d = n - -2. Let g = 25 - 5. Calculate the highest common divisor of d and g.
5
Suppose 0 = -2*l + 23 + 11. What is the highest common factor of l and 17?
17
Let k(q) = -q**2 + 8*q + 2. Let z be k(8). Suppose 4*j - b = 105, 3*j - 77 = -3*b + z*b. Let v = 42 + 140. Calculate the greatest common divisor of j and v.
26
Suppose -2*g - 5*b + 18 = 0, -5*g + 10 + 8 = -b. Suppose 0 = 4*j - 3*l + g, 2*j - 6 = -2*l + 6. What is the greatest common divisor of j and 14?
2
Let c(r) be the third derivative of -r**6/120 - r**5/12 - r**4/8 - r**3/2 - r**2. Let d be c(-5). Calculate the highest common divisor of d and 30.
6
Let o = -3 + 3. Suppose o = l - 17 - 21. Let s = -55 + 112. Calculate the highest common divisor of l and s.
19
Let t(i) = i + 40. Let j be t(-22). What is the greatest common factor of 45 and j?
9
Let p(a) = 6*a**2 + 6*a - 3. Let s be p(-5). What is the greatest common divisor of 9 and s?
9
Let m(i) = i**2 + 3*i. Let z be m(-4). Suppose 184 = z*f - 32. What is the highest common divisor of f and 81?
27
Suppose 0 = -3*v + 6, -2*l + 86 = 3*l + 3*v. Let z = l + -12. What is the highest common factor of z and 12?
4
Suppose -11 = 2*c + i - 53, 0 = -3*c + 5*i + 89. What is the highest common divisor of 23 and c?
23
Suppose 5*n + 4*p - 72 = 0, 4*n - 56 = -2*p - 2*p. Calculate the highest common divisor of 144 and n.
16
Let n(k) = -k + 10. Let z(f) = 1. Let y(x) = n(x) + 2*z(x). Let w be y(8). Calculate the highest common factor of w and 28.
4
Let o be (-67 - -1)*(4 - 5). Calculate the highest common factor of o and 6.
6
Let i be 18/(-1)*(-5)/((-20)/(-44)). What is the greatest common factor of i and 18?
18
Let l be (-6540)/(-27) + -1 + (-14)/(-18). Calculate the greatest common factor of 22 and l.
22
Let i = -29 - -37. What is the greatest common divisor of 1 and i?
1
Let c(m) = -m. Let a be c(-3). Suppose 0 = r - 3*v - 5, 2*r - 77 = -a*r + 2*v. What is the highest common factor of 17 and r?
17
Suppose 4*s = -3*t + 120,